{"id":335,"date":"2019-03-10T09:03:08","date_gmt":"2019-03-10T08:03:08","guid":{"rendered":"http:\/\/clubvosgien-lapetitepierre.com\/?page_id=335"},"modified":"2019-03-10T15:55:25","modified_gmt":"2019-03-10T14:55:25","slug":"histoire-2","status":"publish","type":"page","link":"https:\/\/clubvosgien-lapetitepierre.com\/index.php\/histoire-2\/","title":{"rendered":"Histoire"},"content":{"rendered":"<h3>Histoire du Club Vosgien de LA PETITE PIERRE<\/h3>\r\n<!-- \/wp:paragraph -->\r\n\r\n<!-- wp:paragraph {\"fontSize\":\"medium\"} -->\r\n\r\n<span style=\"font-size: 14pt;\">Le Club Vosgien a \u00e9t\u00e9 cr\u00e9\u00e9e en 1872 \u00e0 Saverne par Richard Stieve, juge au Tribunal de Saverne.<\/span>\r\n\r\n<span style=\"font-size: 14pt;\"><!-- \/wp:paragraph --><\/span>\r\n\r\n<span style=\"font-size: 14pt;\"><!-- wp:paragraph {\"fontSize\":\"medium\"} --><\/span>\r\n\r\n<span style=\"font-size: 14pt;\">En 1881 c\u2019est \u00e0 La Petite Pierre qu\u2019une section voit le jour, ceci \u00e0 l\u2019initiative du notaire Adam.<\/span>\r\n\r\n<span style=\"font-size: 14pt;\"><!-- \/wp:paragraph --><\/span>\r\n\r\n<span style=\"font-size: 14pt;\"><!-- wp:paragraph {\"fontSize\":\"medium\"} --><\/span>\r\n\r\n<span style=\"font-size: 14pt;\">Le club ne compte en ce temps-l\u00e0 que huit membres, il v\u00e9g\u00e8te durant deux ans au terme desquels les adeptes rejoignent la section de Saverne. Il est \u00e0 supposer qu\u2019au d\u00e9but ce ne sont que quelques notables qui forment le groupe, l\u2019agriculteur ou l\u2019ouvrier n\u2019ayant pas de temps \u00e0 consacrer \u00e0 ces loisirs. La section \u00ab\u00a0L\u00fctzelstein\u00a0\u00bb rena\u00eet en 1894 avec, durant deux ans, comme pr\u00e9sident le juge de paix \u00ab\u00a0Amtsrichter\u00a0\u00bb Ziese.<\/span>\r\n\r\n<span style=\"font-size: 14pt;\"><!-- \/wp:paragraph --><\/span>\r\n\r\n<span style=\"font-size: 14pt;\"><!-- wp:paragraph {\"fontSize\":\"medium\"} --><\/span>\r\n\r\n<span style=\"font-size: 14pt;\">Ensuite se succ\u00e8dent \u00e0 la t\u00eate du club les juges de paix Schmidt-Ernsthausen (1896-1901), Wolf (1902-1907) et Finck (1908-1910)\u00a0; l\u2019ing\u00e9nieur des Eaux et For\u00eats (Oberf\u00f6rster) prend la rel\u00e8ve jusqu\u2019en 1914. Apr\u00e8s les hostilit\u00e9s (1914-1918), la reprise du flambeau est assur\u00e9e par le conservateur des Eaux et For\u00eats Villenave (1920-1924), le juge Epitalba (1925-1930), le notaire Erbes (1931-1939), le greffier Frey (1945-1955), le percepteur Jost (1956-1962) et le notaire Nickl\u00e8s (1963-1966). L\u00e0 le retrait\u00e9 Geoffroy Schouver prend le relais pour une longue p\u00e9riode (1967-1982). Il est suivi par Mme Lise Haudenschild jusqu\u2019en 1992 qui c\u00e9da le poste \u00e0 Georges Feinthel, actuel pr\u00e9sident d\u2019honneur qui lui-m\u00eame a c\u00e9d\u00e9 la pr\u00e9sidence \u00e0<\/span>\r\n\r\n<span style=\"font-size: 14pt;\">Christophe Guillaume en 2018<\/span>\r\n\r\n&nbsp;\r\n\r\n<!-- \/wp:paragraph -->\r\n\r\n<!-- wp:paragraph {\"fontSize\":\"medium\"} -->\r\n\r\nLe 26 mars 2006 la section de La Petite Pierre f\u00eat\u00e9 son 125e anniversaire\u2026.\r\n\r\n<strong><!-- \/wp:paragraph --><\/strong>\r\n\r\n<strong><!-- wp:image {\"id\":191,\"align\":\"center\",\"width\":397,\"height\":706} --><\/strong>\r\n<div class=\"wp-block-image\">\r\n<figure class=\"aligncenter is-resized\"><strong><img loading=\"lazy\" decoding=\"async\" class=\"alignnone wp-image-214\" src=\"https:\/\/clubvosgien-lapetitepierre.com\/wp-content\/uploads\/2019\/02\/Rocher-des-Pa\u00efens-300x225.jpg\" alt=\"\" width=\"458\" height=\"344\" srcset=\"https:\/\/clubvosgien-lapetitepierre.com\/wp-content\/uploads\/2019\/02\/Rocher-des-Pa\u00efens-300x225.jpg 300w, https:\/\/clubvosgien-lapetitepierre.com\/wp-content\/uploads\/2019\/02\/Rocher-des-Pa\u00efens-768x576.jpg 768w, https:\/\/clubvosgien-lapetitepierre.com\/wp-content\/uploads\/2019\/02\/Rocher-des-Pa\u00efens-1024x768.jpg 1024w, https:\/\/clubvosgien-lapetitepierre.com\/wp-content\/uploads\/2019\/02\/Rocher-des-Pa\u00efens-120x90.jpg 120w, https:\/\/clubvosgien-lapetitepierre.com\/wp-content\/uploads\/2019\/02\/Rocher-des-Pa\u00efens.jpg 1828w\" sizes=\"(max-width: 458px) 100vw, 458px\" \/><\/strong><\/figure>\r\n<\/div>","protected":false},"excerpt":{"rendered":"<p>Histoire du Club Vosgien de LA PETITE PIERRE Le Club Vosgien a \u00e9t\u00e9 cr\u00e9\u00e9e en 1872 \u00e0 Saverne par Richard Stieve, juge au Tribunal de Saverne. En 1881 c\u2019est \u00e0 La Petite Pierre qu\u2019une section voit le jour, ceci \u00e0 l\u2019initiative du notaire Adam. Le club ne compte en ce temps-l\u00e0 que huit membres, il&hellip;<\/p>\n","protected":false},"author":1,"featured_media":0,"parent":0,"menu_order":0,"comment_status":"closed","ping_status":"closed","template":"","meta":{"footnotes":""},"_links":{"self":[{"href":"https:\/\/clubvosgien-lapetitepierre.com\/index.php\/wp-json\/wp\/v2\/pages\/335"}],"collection":[{"href":"https:\/\/clubvosgien-lapetitepierre.com\/index.php\/wp-json\/wp\/v2\/pages"}],"about":[{"href":"https:\/\/clubvosgien-lapetitepierre.com\/index.php\/wp-json\/wp\/v2\/types\/page"}],"author":[{"embeddable":true,"href":"https:\/\/clubvosgien-lapetitepierre.com\/index.php\/wp-json\/wp\/v2\/users\/1"}],"replies":[{"embeddable":true,"href":"https:\/\/clubvosgien-lapetitepierre.com\/index.php\/wp-json\/wp\/v2\/comments?post=335"}],"version-history":[{"count":8,"href":"https:\/\/clubvosgien-lapetitepierre.com\/index.php\/wp-json\/wp\/v2\/pages\/335\/revisions"}],"predecessor-version":[{"id":455,"href":"https:\/\/clubvosgien-lapetitepierre.com\/index.php\/wp-json\/wp\/v2\/pages\/335\/revisions\/455"}],"wp:attachment":[{"href":"https:\/\/clubvosgien-lapetitepierre.com\/index.php\/wp-json\/wp\/v2\/media?parent=335"}],"curies":[{"name":"wp","href":"https:\/\/api.w.org\/{rel}","templated":true}]}}