{"id":1335,"date":"2023-08-12T10:15:53","date_gmt":"2023-08-12T08:15:53","guid":{"rendered":"https:\/\/clubvosgien-lapetitepierre.com\/?page_id=1335"},"modified":"2023-08-12T10:15:53","modified_gmt":"2023-08-12T08:15:53","slug":"nos-sections","status":"publish","type":"page","link":"https:\/\/clubvosgien-lapetitepierre.com\/index.php\/nos-sections\/","title":{"rendered":"Nos sections"},"content":{"rendered":"\n\n\n<p>Le club dispose de 3 sections :<\/p>\n<ul>\n<li>une section marche : Les Petits Pas<\/li>\n<li>une section VTT : Les Petites P\u00e9dales<\/li>\n<li>une section trail : Les Petits Paskets<\/li>\n<\/ul>\n<p>En plus des \u00e9v\u00e8nements pr\u00e9vus au programme, nous proposons :<\/p>\n<ul>\n<li>des randonn\u00e9es p\u00e9destres tous les mercredis apr\u00e8s-midi (renseignements au 06 42 15 57 50)<\/li>\n<li>des s\u00e9ances VTT tous les samedis apr\u00e8s-midi : RDV 13h45 devant la salle polyvalente de La Petite-Pierre<\/li>\n<li>des s\u00e9ances VTT un jeudi sur deux (jeudis des semaines paires) : RDV \u00e0 18h \u00e0 la salle polyvalente de La Petite-Pierre<\/li>\n<li>des s\u00e9ances trail un jeudi sur deux (jeudis des semaines impaires) : RDV \u00e0 18h devant la boutique Loc&rsquo;Bike and Trot<\/li>\n<\/ul>\n","protected":false},"excerpt":{"rendered":"<p>Le club dispose de 3 sections : une section marche : Les Petits Pas une section VTT : Les Petites P\u00e9dales une section trail : Les Petits Paskets En plus des \u00e9v\u00e8nements pr\u00e9vus au programme, nous proposons : des randonn\u00e9es p\u00e9destres tous les mercredis apr\u00e8s-midi (renseignements au 06 42 15 57 50) des s\u00e9ances VTT&hellip;<\/p>\n","protected":false},"author":1,"featured_media":0,"parent":0,"menu_order":0,"comment_status":"closed","ping_status":"closed","template":"","meta":{"footnotes":""},"_links":{"self":[{"href":"https:\/\/clubvosgien-lapetitepierre.com\/index.php\/wp-json\/wp\/v2\/pages\/1335"}],"collection":[{"href":"https:\/\/clubvosgien-lapetitepierre.com\/index.php\/wp-json\/wp\/v2\/pages"}],"about":[{"href":"https:\/\/clubvosgien-lapetitepierre.com\/index.php\/wp-json\/wp\/v2\/types\/page"}],"author":[{"embeddable":true,"href":"https:\/\/clubvosgien-lapetitepierre.com\/index.php\/wp-json\/wp\/v2\/users\/1"}],"replies":[{"embeddable":true,"href":"https:\/\/clubvosgien-lapetitepierre.com\/index.php\/wp-json\/wp\/v2\/comments?post=1335"}],"version-history":[{"count":1,"href":"https:\/\/clubvosgien-lapetitepierre.com\/index.php\/wp-json\/wp\/v2\/pages\/1335\/revisions"}],"predecessor-version":[{"id":1336,"href":"https:\/\/clubvosgien-lapetitepierre.com\/index.php\/wp-json\/wp\/v2\/pages\/1335\/revisions\/1336"}],"wp:attachment":[{"href":"https:\/\/clubvosgien-lapetitepierre.com\/index.php\/wp-json\/wp\/v2\/media?parent=1335"}],"curies":[{"name":"wp","href":"https:\/\/api.w.org\/{rel}","templated":true}]}}