{"id":120,"date":"2019-02-10T10:10:05","date_gmt":"2019-02-10T10:10:05","guid":{"rendered":"http:\/\/clubvosgien.com\/?page_id=120"},"modified":"2026-01-11T08:50:03","modified_gmt":"2026-01-11T07:50:03","slug":"devenir-membre","status":"publish","type":"page","link":"https:\/\/clubvosgien-lapetitepierre.com\/index.php\/devenir-membre\/","title":{"rendered":"Devenir membre"},"content":{"rendered":"\n<h3 class=\"wp-block-heading\" id=\"montant-de-l-adhesion-incluant-l-assurance\">Montant de l&rsquo;adh\u00e9sion 2026 (incluant l&rsquo;assurance) :<\/h3>\n\n\n\n<h3 class=\"wp-block-heading\" id=\"14-pour-une-carte-mineurs-carte-jeunes-adultes-16\"><strong>Carte mineur 16 \u20ac            &#8211;          Carte jeune adulte 18 \u20ac<\/strong> <strong>(18 \u00e0 25ans)<\/strong><\/h3>\n\n\n\n<h3 class=\"wp-block-heading\" id=\"18-carte-adulte-carte-couple-30\"><strong>      Carte adulte 20 \u20ac            &#8211;           Carte couple 34 \u20ac <\/strong><\/h3>\n\n\n\n<h3 class=\"wp-block-heading\" id=\"avec-revue-les-vosges-6-en-plus\">       <strong>avec Revue \u00ab\u00a0Les Vosges\u00a0\u00bb 8 \u20ac en plus<\/strong><\/h3>\n\n\n\n<div data-wp-interactive=\"core\/file\" class=\"wp-block-file\"><object data-wp-bind--hidden=\"!state.hasPdfPreview\"  class=\"wp-block-file__embed\" data=\"https:\/\/clubvosgien-lapetitepierre.com\/wp-content\/uploads\/2026\/01\/Documents-pour-inscription-au-Club-Vosgien-de-La-Petite-Pierre-2.pdf\" type=\"application\/pdf\" style=\"width:100%;height:600px\" aria-label=\"Contenu embarqu\u00e9 Documents-pour-inscription-au-Club-Vosgien-de-La-Petite-Pierre.\"><\/object><a id=\"wp-block-file--media-8a56cea1-9f52-4cd8-bc40-755eac02197b\" href=\"https:\/\/clubvosgien-lapetitepierre.com\/wp-content\/uploads\/2026\/01\/Documents-pour-inscription-au-Club-Vosgien-de-La-Petite-Pierre-2.pdf\">Documents-pour-inscription-au-Club-Vosgien-de-La-Petite-Pierre<\/a><a href=\"https:\/\/clubvosgien-lapetitepierre.com\/wp-content\/uploads\/2026\/01\/Documents-pour-inscription-au-Club-Vosgien-de-La-Petite-Pierre-2.pdf\" class=\"wp-block-file__button wp-element-button\" download aria-describedby=\"wp-block-file--media-8a56cea1-9f52-4cd8-bc40-755eac02197b\">T\u00e9l\u00e9charger<\/a><\/div>\n\n\n\n<div data-wp-interactive=\"core\/file\" class=\"wp-block-file\"><object data-wp-bind--hidden=\"!state.hasPdfPreview\"  class=\"wp-block-file__embed\" data=\"https:\/\/clubvosgien-lapetitepierre.com\/wp-content\/uploads\/2026\/01\/Documents-pour-inscription-a-la-section-VTT-du-Club-Vosgien-de-La-Petite-Pierre.pdf\" type=\"application\/pdf\" style=\"width:100%;height:600px\" aria-label=\"Contenu embarqu\u00e9 Documents-pour-inscription-a-la-section-VTT-du-Club-Vosgien-de-La-Petite-Pierre.\"><\/object><a id=\"wp-block-file--media-9f459ec2-6c9f-4dec-bca8-0adc52a5991d\" href=\"https:\/\/clubvosgien-lapetitepierre.com\/wp-content\/uploads\/2026\/01\/Documents-pour-inscription-a-la-section-VTT-du-Club-Vosgien-de-La-Petite-Pierre.pdf\">Documents-pour-inscription-a-la-section-VTT-du-Club-Vosgien-de-La-Petite-Pierre<\/a><a href=\"https:\/\/clubvosgien-lapetitepierre.com\/wp-content\/uploads\/2026\/01\/Documents-pour-inscription-a-la-section-VTT-du-Club-Vosgien-de-La-Petite-Pierre.pdf\" class=\"wp-block-file__button wp-element-button\" download aria-describedby=\"wp-block-file--media-9f459ec2-6c9f-4dec-bca8-0adc52a5991d\">T\u00e9l\u00e9charger<\/a><\/div>\n\n\n<h3 style=\"text-align: left;\"><strong>Les documents compl\u00e9t\u00e9s sont \u00e0 envoyer :<\/strong><\/h3>\n<ul style=\"list-style-type: circle;\">\n<li style=\"text-align: left;\"><strong>Soit par courrier \u00e0 :<\/strong><\/li>\n<\/ul>\n<h3 style=\"text-align: left;\"><strong>Oc\u00e9ane STROBEL<br \/>21 rue principale<br \/>67320 GRAUFTHAL<\/strong><\/h3>\n<ul style=\"list-style-type: circle;\">\n<li style=\"text-align: left;\"><strong>Soit par mail \u00e0 : clubvosgien.lpp@gmail.com<br \/><\/strong><\/li>\n<\/ul>\n<p style=\"text-align: left;\">R\u00e8glement :<\/p>\n<ul style=\"list-style-type: circle;\">\n<li style=\"text-align: left;\">Soit par ch\u00e8que \u00e0 l\u2019ordre du Club Vosgien de La Petite Pierre<\/li>\n<li style=\"text-align: left;\">Soit par virement (en pr\u00e9cisant votre nom\/pr\u00e9nom) : IBAN : FR76 1027 8015 0000 0215 1910 149<\/li>\n<\/ul>\n<p>\u00a0<\/p>\n\n<p><span style=\"color: #ff0000;\"><strong>Que vous souscriviez ou non \u00e0 la garantie IA SPORT+, vous devez remettre le bordereau d\u00e9tachable compl\u00e9t\u00e9.<\/strong><\/span><\/p>\n<p><span style=\"color: #ff0000;\"><strong>Si l&rsquo;ensemble des documents ne nous est pas retourn\u00e9, l&rsquo;inscription ne sera pas prise en compte.<\/strong><\/span><\/p>\n<h3><strong>Vous trouverez ci-dessous notre R\u00e8glement Int\u00e9rieur :<\/strong><\/h3>\n<p>Tout adh\u00e9rent doit en prendre connaissance et a l\u2019obligation de s\u2019y conformer.<\/p>","protected":false},"excerpt":{"rendered":"<p>Montant de l&rsquo;adh\u00e9sion 2026 (incluant l&rsquo;assurance) : Carte mineur 16 \u20ac &#8211; Carte jeune adulte 18 \u20ac (18 \u00e0 25ans) Carte adulte 20 \u20ac &#8211; Carte couple 34 \u20ac avec Revue \u00ab\u00a0Les Vosges\u00a0\u00bb 8 \u20ac en plus Les documents compl\u00e9t\u00e9s sont \u00e0 envoyer : Soit par courrier \u00e0 : Oc\u00e9ane STROBEL21 rue principale67320 GRAUFTHAL Soit&hellip;<\/p>\n","protected":false},"author":1,"featured_media":0,"parent":0,"menu_order":0,"comment_status":"closed","ping_status":"closed","template":"","meta":{"footnotes":""},"_links":{"self":[{"href":"https:\/\/clubvosgien-lapetitepierre.com\/index.php\/wp-json\/wp\/v2\/pages\/120"}],"collection":[{"href":"https:\/\/clubvosgien-lapetitepierre.com\/index.php\/wp-json\/wp\/v2\/pages"}],"about":[{"href":"https:\/\/clubvosgien-lapetitepierre.com\/index.php\/wp-json\/wp\/v2\/types\/page"}],"author":[{"embeddable":true,"href":"https:\/\/clubvosgien-lapetitepierre.com\/index.php\/wp-json\/wp\/v2\/users\/1"}],"replies":[{"embeddable":true,"href":"https:\/\/clubvosgien-lapetitepierre.com\/index.php\/wp-json\/wp\/v2\/comments?post=120"}],"version-history":[{"count":48,"href":"https:\/\/clubvosgien-lapetitepierre.com\/index.php\/wp-json\/wp\/v2\/pages\/120\/revisions"}],"predecessor-version":[{"id":1511,"href":"https:\/\/clubvosgien-lapetitepierre.com\/index.php\/wp-json\/wp\/v2\/pages\/120\/revisions\/1511"}],"wp:attachment":[{"href":"https:\/\/clubvosgien-lapetitepierre.com\/index.php\/wp-json\/wp\/v2\/media?parent=120"}],"curies":[{"name":"wp","href":"https:\/\/api.w.org\/{rel}","templated":true}]}}